2. Let x be n(-1). Let i be 8 + x + 0/(-10). What is the highest common factor of i and 10?
10
Suppose 8*a - 616 = -3*a. Let t = -17 + a. Suppose 0 = f - t - 21. What is the greatest common factor of 40 and f?
20
Let j(c) = 434*c - 1088. Let b be j(14). What is the highest common factor of b and 129?
43
Suppose -3*g + 82 = -161. Suppose 67 + g = 4*o. Suppose 17 = 3*x - o. What is the highest common divisor of x and 9?
9
Let d be 13/5 - ((-180)/50)/9. Suppose -3*i - 39 = 2*n - 242, -d*i = 3*n - 297. What is the greatest common divisor of 2 and n?
2
Let g be (18/147*(-637)/(-14))/((6/(-2))/(-21)). Suppose 29 = 2*c + 5. What is the greatest common factor of c and g?
3
Suppose 5*f - 4*d - 10 = 0, -3*f - 25 = 2*f + 3*d. Let q be 6/f + 39 + 13. Let c = 28 + q. What is the greatest common factor of 7 and c?
7
Let i = 16 + -12. Suppose -i*v = 20, 25 + 111 = 3*w - 2*v. Suppose -3*r - w = -2*m, m - 2*r = -0*m + 23. Calculate the highest common factor of 165 and m.
15
Let i = 528 + -834. Let c = i + 410. Suppose -s + 43 = 4*g - 7, -8 = 4*s. What is the greatest common divisor of g and c?
13
Let v = -10467 - -10475. What is the highest common divisor of v and 2112?
8
Let b(z) = -z**2 + 12*z - 2. Let c be b(11). Let i = c - 17. Let f be (-29)/(-1) - i/8. What is the highest common divisor of 6 and f?
6
Let h = 18181 + -18126. Calculate the highest common divisor of 55 and h.
55
Suppose -4*k - 2*s + 204 = 0, 89*s - 87*s - 156 = -3*k. Suppose 0 = -2*i + 296 + 136. Calculate the highest common divisor of k and i.
24
Let o be -3*(160/2)/(-2). Suppose -16*g - 4928 = -5*g. Let u = g - -460. Calculate the highest common factor of u and o.
12
Let y(k) be the second derivative of k**5/20 - 7*k**4/12 + 13*k**3/6 - 9*k**2 - k + 1. Let j be y(6). Calculate the highest common divisor of j and 36.
12
Let r(p) = 4*p**3 - 12*p**2 + 17*p - 38. Let f be r(5). Calculate the highest common factor of 403 and f.
13
Let z = 87 - 98. Let u(h) = -3*h - 23. Let i be u(z). Let v(x) = 2*x**3 - 6*x**2 + 4*x + 10. Let b be v(5). Calculate the greatest common divisor of i and b.
10
Let h be ((-8)/(-24))/(2 - 202/102). Suppose j - 19 = -h. Suppose -5*s = 3*g - j*g - 217, -3*s + 2*g + 138 = 0. What is the greatest common factor of s and 44?
44
Let u(g) = -93*g + 7908. Let q be u(84). What is the greatest common factor of 64 and q?
32
Let d = -350 - -2743. Suppose -1997 = z - d. What is the greatest common divisor of 44 and z?
44
Let c be ((-383895)/114)/((-3)/4). Let k be 19/(95/c) + (-4 - 1). What is the greatest common divisor of 47 and k?
47
Let s be (324/20)/((-43)/86 - (-17)/30). Calculate the greatest common divisor of 2997 and s.
81
Let z be 2/5 - (-4)/(-10). Suppose d + a + a - 15 = z, 0 = a - 4. Let b = -158 + 186. What is the greatest common factor of b and d?
7
Suppose -20*p = -24*p - 4*o + 1604, -4*p - 5*o = -1610. What is the greatest common divisor of p and 6004?
79
Let u be (-163)/(-3) + 4/(-12). Suppose -28*m - 1120 = -0*m. Let o be (u/30)/((-12)/m). Calculate the highest common factor of o and 6.
6
Suppose -5*w = -8*w + 12. Suppose 5*g + w*j = 368, -4*j - 75 = -2*g + 61. Let b = 240 - 232. Calculate the greatest common divisor of g and b.
8
Suppose 0 = 239*a - 227*a - 396. Suppose 2*w - 100 = 2*x, -a*w - 4*x = -32*w - 55. Calculate the highest common divisor of 68 and w.
17
Let c = -67 + 99. Let u = -5086 - -5118. Calculate the highest common divisor of c and u.
32
Let y = 6677 + -5632. What is the greatest common divisor of y and 30?
5
Let f be (-13 - -10)/(2/(-14)). Let b be (14/1)/(6/f). Suppose -3*w + v + 133 = 2*w, -v + b = 2*w. What is the greatest common factor of w and 78?
26
Let b = 4803 - 1475. What is the greatest common divisor of b and 80?
16
Let q(k) = -6*k**2 + 607*k + 323. Let l be q(100). What is the greatest common divisor of 957 and l?
33
Let n(o) = 7*o**3 + 2*o**2 - 1. Let z be n(1). Suppose z*l - 294 - 90 = 0. Let x be (-18)/(-4)*8/6. Calculate the highest common divisor of l and x.
6
Let f = 7 + -4. Suppose 16 = -5*g + 31. Suppose g*l - 38 = j, -3*j = 10*l - 14*l + 54. Calculate the highest common divisor of f and l.
3
Let v = 34 + 14. Let i be (-3 + 421)*8*3/v. Let a = 14 - -5. What is the greatest common factor of a and i?
19
Let v(j) = -j**2 + 35*j - 56. Let b be v(30). Let k = 162 - b. Calculate the greatest common divisor of k and 17.
17
Suppose 0 = -304*s + 367*s - 106848. Calculate the greatest common divisor of s and 48.
16
Let y be (-3)/(-12) + 117/12. Let u = y - 13. Let z be (-2)/((4/(-6) + 1)*u). What is the greatest common divisor of z and 14?
2
Suppose -3*m - 5*g = -14781, 139*g - 136*g + 24635 = 5*m. Calculate the highest common divisor of m and 13.
13
Let n be (-70 - -1)*((-4320)/(-81))/(-20). Calculate the greatest common divisor of 322 and n.
46
Suppose 1595849 - 77968 - 190885 = 99*s. Calculate the greatest common divisor of 24 and s.
12
Suppose -2*x + 2*u + 2*u = -134, 220 = 4*x + 4*u. Suppose -5*n = -4 - 16. Let h be x + n*(-5)/(-20). What is the greatest common divisor of h and 150?
30
Suppose -u + 232 - 226 = 0. Suppose 14*c - 13*c = u. Calculate the highest common factor of c and 42.
6
Let i(t) = -13*t - 100. Let j be i(-8). Suppose -4*u = 7*p - 2*p - 720, j*p = -2*u + 576. What is the greatest common divisor of 63 and p?
9
Let v be (-4 - (-9 - -3)) + 51 - 5. Let y(r) = -r**3 - 11*r**2 - 2*r - 14. Let u be y(-11). What is the greatest common factor of u and v?
8
Let v(d) = -105*d - 13. Let q be v(4). Let k = -88 - q. Calculate the greatest common factor of k and 69.
69
Let j = -441 + 441. Suppose -41*x + 152 + 217 = j. What is the highest common factor of 33 and x?
3
Suppose 38*t - 433677 + 26925 = -10*t. Calculate the highest common divisor of 114 and t.
38
Let u = -9 - -6. Let s(d) = -3*d**3 - 4*d**2 - 3. Let f be s(u). Let o be f + -3*(3 - 3 - -1). Calculate the greatest common divisor of 195 and o.
39
Let w(q) = q**2 - 6*q + 7. Suppose -19*j = -20*j. Suppose 4*c - 2 - 15 = 3*i, 2*c - 5*i - 5 = j. Let h be w(c). What is the highest common factor of 6 and h?
2
Let i(z) = z + 8. Let p be i(-6). Suppose -p - 4 = -x. Let s = 2471 + -2447. What is the highest common factor of x and s?
6
Suppose 5*n - 3840 = -4*n + 2568. Calculate the greatest common factor of 1 and n.
1
Let z(c) = 4*c**3 - 546*c**2 + 269*c + 748. Let n be z(136). Suppose -8 - 43 = -v. Calculate the highest common factor of n and v.
17
Let v(b) = 87*b**2 + 6*b + 41. Let i be v(4). What is the greatest common divisor of 248 and i?
31
Suppose -34820 = 64*r - 35106 - 135714. What is the highest common divisor of r and 85?
85
Let f be (-1810)/(-75) - 5 - 2/15. What is the highest common divisor of 38 and f?
19
Let j(n) = -34*n - 128. Let f be j(-4). Let x(q) = -q**3 + 8*q**2 + 11*q - 2. Let d be x(f). What is the highest common divisor of d and 43?
43
Let f = 6040 - 5899. What is the highest common divisor of f and 6?
3
Let k(w) = w**3 + 2*w**2 + w + 303. Let p be k(0). Let u = p + -72. What is the greatest common factor of 154 and u?
77
Suppose 0 = 5*p + 57 + 48. Let k = p - -33. Suppose 11*l - 59 - 7 = 0. Calculate the greatest common divisor of k and l.
6
Let b(l) = -18*l**2 - 4*l - 7 - 48 + 19*l**2 - 10. Let x be b(25). Calculate the highest common divisor of 46 and x.
46
Let c = -28 + 27. Let k be 0*(-5)/15*c. Let t be (k - -49) + (-1)/(-8)*0. Calculate the highest common divisor of 7 and t.
7
Let k be (216/(-27))/(16/(-72)). What is the highest common divisor of k and 657?
9
Let o(b) = 4*b**2 + 7*b + 1. Let n be 5 - 6 - 4*1. Let p be o(n). Calculate the greatest common factor of 88 and p.
22
Let k(y) = y**3 + 6*y**2 - 9*y + 1. Let o be k(-7). Let g = o + -22. Let t = g - -87. What is the greatest common divisor of t and 20?
20
Let n(y) = -y**2 - 40*y - 16. Let c be n(-29). Suppose -13*w + c = -971. Let v = 18 + -4. Calculate the highest common divisor of v and w.
14
Let k be ((-1)/4*-12)/(5 - 2038/408). Calculate the greatest common divisor of 2601 and k.
153
Suppose -60 = 12*s - 14*s. Let b(i) = -4*i - 112. Let k be b(-31). Calculate the greatest common factor of k and s.
6
Let y(g) = 62*g - 366. Let q be y(6). Let r be (783/q - 1)*2/1. What is the highest common divisor of 37 and r?
37
Suppose 75*j + 5*m = 72*j + 480, 0 = 4*j - 4*m - 608. Calculate the g